 is the highest common factor of 517 and 286?
11
Calculate the highest common factor of 704 and 11.
11
Calculate the highest common factor of 40 and 340.
20
What is the greatest common factor of 93 and 341?
31
Calculate the greatest common divisor of 4223 and 246.
41
What is the greatest common factor of 187 and 1020?
17
What is the highest common factor of 286 and 66?
22
Calculate the greatest common divisor of 561 and 33.
33
What is the highest common divisor of 28 and 4?
4
Calculate the greatest common factor of 1189 and 29.
29
Calculate the greatest common divisor of 40 and 6190.
10
Calculate the greatest common factor of 70 and 30800.
70
What is the highest common factor of 40 and 1100?
20
What is the greatest common divisor of 582 and 3?
3
What is the highest common divisor of 16390 and 55?
55
What is the highest common factor of 237 and 316?
79
Calculate the greatest common factor of 18 and 144.
18
What is the highest common factor of 4 and 6?
2
Calculate the highest common divisor of 225 and 20175.
75
What is the greatest common divisor of 4672 and 73?
73
Calculate the greatest common factor of 40 and 90.
10
Calculate the highest common divisor of 496 and 2356.
124
Calculate the highest common factor of 358 and 25418.
358
What is the greatest common factor of 28 and 14?
14
Calculate the highest common divisor of 34 and 3655.
17
What is the greatest common factor of 42 and 714?
42
Calculate the highest common divisor of 2148 and 16.
4
What is the greatest common divisor of 56 and 8104?
8
What is the highest common divisor of 36 and 12?
12
What is the highest common factor of 18203 and 334?
167
Calculate the highest common factor of 95 and 1273.
19
What is the highest common factor of 84 and 84?
84
What is the highest common divisor of 44 and 297?
11
Calculate the greatest common divisor of 3 and 21.
3
Calculate the highest common factor of 546 and 286.
26
What is the highest common factor of 35 and 945?
35
Calculate the greatest common divisor of 5696 and 96.
32
Calculate the highest common factor of 110 and 9460.
110
Calculate the highest common divisor of 18 and 558.
18
What is the greatest common factor of 3930 and 30?
30
What is the greatest common factor of 13 and 2444?
13
What is the greatest common factor of 145 and 15?
5
What is the greatest common divisor of 8 and 584?
8
Calculate the highest common divisor of 18816 and 294.
294
Calculate the highest common factor of 148 and 10508.
148
What is the greatest common factor of 504 and 1500?
12
Calculate the greatest common factor of 9 and 9.
9
Calculate the greatest common divisor of 84 and 5936.
28
What is the greatest common divisor of 4175 and 225?
25
What is the highest common factor of 1 and 16?
1
What is the greatest common factor of 22 and 550?
22
Calculate the greatest common factor of 748 and 132.
44
Calculate the highest common factor of 1158 and 6.
6
What is the highest common divisor of 1107 and 27?
27
Calculate the greatest common factor of 216 and 729.
27
Calculate the highest common factor of 62 and 713.
31
What is the highest common factor of 666 and 370?
74
What is the greatest common divisor of 15 and 825?
15
Calculate the highest common factor of 72 and 4716.
36
Calculate the greatest common divisor of 30 and 1245.
15
Calculate the highest common factor of 344 and 24252.
172
What is the greatest common factor of 5810 and 332?
166
What is the greatest common divisor of 18 and 9432?
18
Calculate the highest common divisor of 36 and 882.
18
What is the highest common divisor of 406 and 5452?
58
What is the highest common divisor of 72 and 5868?
36
What is the greatest common factor of 22 and 674?
2
What is the greatest common factor of 15750 and 378?
126
Calculate the greatest common factor of 148 and 111.
37
What is the highest common divisor of 189 and 1197?
63
Calculate the greatest common factor of 200 and 2120.
40
What is the highest common factor of 117 and 39?
39
Calculate the greatest common divisor of 52 and 156.
52
Calculate the highest common divisor of 1280 and 800.
160
What is the highest common factor of 110 and 120?
10
What is the highest common divisor of 696 and 72?
24
Calculate the highest common factor of 14 and 994.
14
What is the greatest common factor of 1060 and 53?
53
Calculate the greatest common divisor of 169 and 130.
13
Calculate the highest common factor of 61056 and 53.
53
Calculate the greatest common factor of 4 and 788.
4
Calculate the greatest common divisor of 1900 and 100.
100
Calculate the greatest common divisor of 1932 and 21.
21
What is the greatest common divisor of 8316 and 280?
28
Calculate the highest common factor of 140 and 175.
35
Calculate the highest common factor of 90 and 405.
45
Calculate the highest common factor of 11 and 979.
11
What is the highest common factor of 85 and 10?
5
Calculate the greatest common factor of 65 and 6630.
65
What is the greatest common divisor of 1045 and 95?
95
What is the greatest common factor of 38731 and 77?
77
What is the greatest common factor of 5777 and 53?
53
Calculate the highest common factor of 51 and 68.
17
What is the highest common divisor of 13039 and 17?
17
What is the highest common divisor of 154 and 14?
14
Calculate the highest common factor of 1113 and 273.
21
What is the highest common factor of 32 and 384?
32
What is the highest common divisor of 106 and 371?
53
Calculate the highest common factor of 20 and 830.
10
Calculate the highest common factor of 20 and 15020.
20
What is the greatest common divisor of 20 and 14300?
20
Calculate the highest common divisor of 995 and 65.
5
Calculate the highest common factor of 60 and 495.
15
What is the greatest common divisor of 4 and 108?
4
Calculate the highest common factor of 5 and 520.
5
Calculate the highest common divisor of 606 and 12.
6
Calculate the greatest common factor of 55 and 5830.
55
Calculate the greatest common factor of 91 and 987.
7
Calculate the highest common factor of 132 and 24.
12
Calculate the highest common factor of 4772 and 12.
4
Calculate the highest common divisor of 95 and 703.
19
Calculate the highest common factor of 11 and 2189.
11
What is the greatest common factor of 7866 and 190?
38
What is the greatest common divisor of 20664 and 123?
123
What is the greatest common divisor of 2575 and 75?
25
Calculate the greatest common factor of 9028 and 148.
148
What is the highest common factor of 16 and 1832?
8
Calculate the greatest common factor of 14 and 119.
7
What is the highest common divisor of 35 and 196?
7
Calculate the greatest common divisor of 18 and 138.
6
What is the highest common factor of 111 and 6?
3
What is the greatest common divisor of 243 and 54?
27
Calculate the greatest common factor of 176 and 44.
44
What is the highest common divisor of 564 and 9?
3
Calculate the highest common factor of 41 and 64370.
41
Calculate the greatest common divisor of 40 and 40.
40
Calculate the highest common factor of 26169 and 61.
61
What is the greatest common factor of 4294 and 6?
2
What is the highest common divisor of 1820 and 702?
26
Calculate the highest common divisor of 495 and 1089.
99
What is the greatest common divisor of 292 and 2?
2
Calculate the highest common divisor of 3222 and 306.
18
What is the highest common factor of 102 and 357?
51
What is the greatest common factor of 86 and 4?
2
What is the greatest common factor of 62 and 7037?
31
What is the greatest common factor of 54 and 12294?
18
Calculate the greatest common divisor of 16 and 1936.
16
Calculate the highest common factor of 1344 and 14.
14
What is the highest common divisor of 12 and 48?
12
What is the highest common divisor of 32 and 108?
4
Calculate the greatest common divisor of 190 and 266.
38
Calculate the greatest common factor of 73 and 5913.
73
What is the highest common divisor of 38 and 6?
2
What is the greatest common divisor of 102 and 40902?
102
What is the highest common factor of 414 and 92?
46
Calculate the highest common divisor of 132 and 67782.
66
Calculate the highest common factor of 918 and 54.
54
Calculate the highest common divisor of 582 and 6.
6
What is the greatest common factor of 27 and 630?
9
What is the highest common factor of 106 and 3286?
106
What is the highest common div